 What is the hundreds digit of j?
1
Let u = 1882 - -6214. What is the hundreds digit of u?
0
Let k be (1 - 2 - 0)*(-1 - -6). Let s be -1 + 3 + k + 3. Suppose s = -6*a + 9*a - 507. What is the tens digit of a?
6
Let g(l) = l**2 + 11*l - 74. What is the ten thousands digit of g(-108)?
1
Let k(w) be the third derivative of -83*w**4/8 - 6*w**3 + 15*w**2. What is the tens digit of k(-2)?
6
Let q(x) = 16*x**2 - 23*x + 102. What is the units digit of q(-20)?
2
Suppose 77*v = 626726 - 24740. What is the units digit of v?
8
Suppose -2875 = 4*d - 0*d - 3*q, -3*d = 4*q + 2175. Let a = d - -943. What is the units digit of a?
2
Let k = 2 - 0. Let b = 267 - 949. What is the tens digit of b/(-10) - k/10?
6
Let f(b) = -b**3 - 33*b**2 - 33*b - 29. Let p be f(-32). Suppose 5*y + 3289 = p*x, x + 4*y = 765 + 337. What is the units digit of x?
8
Let r = -2296 - -5431. What is the units digit of r?
5
Suppose 31*f - 357000 = 42435. What is the thousands digit of f?
2
Suppose 3*a + 9 = 4*l, 5*l - 18 + 2 = -a. Let r(n) = 1 - 2*n**2 + n**2 - 4*n + n**2 + 3*n**2. What is the units digit of r(l)?
6
Suppose v - 3 = 0, 0*l + v = -l + 8. Suppose -2*i = l*i - 518. Suppose o - i = 67. What is the units digit of o?
1
Suppose 0 = -8*a - 3*a + 33. Let o = 43 - a. What is the units digit of o?
0
Suppose -14*v + 5*s = -129790, 10*s - 27818 = -3*v + 14*s. What is the thousands digit of v?
9
Let o(u) = u**3 - u**2 + 3*u + 5. Let j be o(5). Let p(c) = c**2 + 12*c - 158. Let h be p(-20). Suppose h*w + w = j. What is the units digit of w?
0
Let o = 112473 + -45906. What is the tens digit of o?
6
Let y be ((-235)/(-15))/(1/(-6)). Let n be 3/(9 + (-2821)/312). Let b = n - y. What is the units digit of b?
2
Let p be (-3)/60*-8 - (-2)/(-5). Let j = p - -176. Suppose 2*y = f + 3*f + 152, 2*y + 2*f = j. What is the tens digit of y?
8
What is the units digit of 6750/126 - 53 - 107106/(-14)?
1
Suppose 2*o - 4*i - 88338 = 0, 3*o + 1396*i = 1398*i + 132535. What is the units digit of o?
3
Suppose -v - 2*y = 0, 3*v = -0*y + 4*y. What is the tens digit of (-672)/(v + 0 - (14 + -13))?
7
What is the tens digit of 1398/(-8)*(1836/(-81) - 32)?
5
What is the thousands digit of 15/(-195) - (-28394)/26?
1
Suppose 12*i - 7*i - 5*v = 0, -4*v + 14 = 3*i. Suppose -6*k = -i*k - 1376. What is the hundreds digit of k?
3
Let d be ((-4)/(-2) - 2)/(-2) + 4. Suppose a - 5*o = 54, 5*o + 131 = d*a + 2*o. What is the units digit of 2/10 - (a/(-5) + 1)?
5
Let g(b) = 16*b + 32. Let z be g(-2). Suppose 10*c - 7*c = n - 411, 4*n - 3*c - 1644 = z. What is the hundreds digit of n?
4
Let m = -116 - -128. Suppose m*o - 2746 = 2882. What is the units digit of o?
9
Let i = -28 + 28. Suppose -2*v - 3*q + 590 = i, -2*q - 1394 = -5*v + 43. What is the units digit of v?
9
Suppose 221*n = 220*n + 11496. What is the tens digit of n?
9
Let l(c) be the second derivative of -7*c**3/3 + 451*c**2/2 - 2*c - 70. What is the units digit of l(0)?
1
Let g = 5198 + -4142. What is the hundreds digit of g?
0
Suppose 8*c - 9*c + 4*f + 5151 = 0, 0 = 3*c + 2*f - 15383. What is the hundreds digit of c?
1
Let t be 2/3 - (-6136)/39. Suppose 3*j + 2*r + 3 = 2, 4*j - 22 = 2*r. Suppose 3*m - t + 479 = 4*a, -j*m = 4*a - 351. What is the tens digit of a?
8
Let m(o) = o**2 - 15*o + 21. Let c be m(14). Suppose 7*d = 5*h + 3*d - 49, 0 = -h - 2*d + c. Suppose -h*i + 572 + 1489 = 0. What is the units digit of i?
9
Suppose 0 = 2*j - 2*v + 416 + 314, -3*v - 1439 = 4*j. Let u(s) = -s**3 + 4*s**2 + 8. Let f be u(4). What is the hundreds digit of j/(f/(-4) - 0)?
1
Let s(a) be the second derivative of 25/6*a**4 + 1/2*a**2 + 0*a**3 + 0 + 11*a. What is the tens digit of s(1)?
5
Let f = 333 + -562. Let w = f + 417. What is the hundreds digit of w?
1
Suppose 2*c - 2*x - 291 - 1023 = 0, 2*c + x = 1308. Let l = c - 315. What is the units digit of l?
0
Suppose 12*o - 42656 = 8*o - 4*d, 3*o - 31976 = d. What is the ten thousands digit of o?
1
Let l(t) = t**2 + 13*t - 15. Let v(d) = -20*d + 29. Let g be v(-4). Let j = g - 129. What is the units digit of l(j)?
5
Let z = -4747 + 20502. What is the hundreds digit of z?
7
Let w = 6 + -1. Suppose a - 1218 = -1078. Suppose w*m = a + 65. What is the tens digit of m?
4
Let v = 81 + -54. Let z = -26 + v. Let h(o) = 58*o**2 + 2. What is the units digit of h(z)?
0
Let x(z) = -10*z + 11. Let b(l) = -l**3 - 3*l**2 - 2*l - 2. Let r be b(-3). Let s be x(r). Let d = 135 + s. What is the tens digit of d?
0
Suppose 6*m - 157 + 13 = 0. Suppose 8106 = -3*d + m*d. What is the units digit of d?
6
Suppose -10 = 2*y, 0 = x - 80*y + 79*y - 7468. What is the thousands digit of x?
7
Suppose -5*w = -5*o + 49085, -3*o - 25*w + 20*w + 29451 = 0. Suppose -19*t + o = -8062. What is the tens digit of t?
4
Let t(u) be the third derivative of -u**6/40 + u**5/20 + 11*u**4/24 + u**3/6 + 5*u**2 - 3. What is the units digit of t(-4)?
7
Let x(w) = 6*w - 42. Let y be x(8). What is the tens digit of 33/y*(43 - 9)?
8
Let m = 2289 + -1115. Let y = m + -770. What is the units digit of y?
4
Let j(z) = z**2 - 6*z - 9. Let r be j(-2). Suppose -r*v = -2*v - 675. What is the units digit of v?
5
Let h be 90/(-54) - 8/6. Let t(u) = -43*u**3 + 8*u**2 - 2*u - 13. What is the tens digit of t(h)?
2
Suppose 55*w - 45*w - 55050 = 0. What is the tens digit of w?
0
Suppose -136470 = -5*z - 5*c, -3*z + 81882 = 207*c - 212*c. What is the ten thousands digit of z?
2
Let i(j) be the second derivative of -j**5/20 + 5*j**4/6 - 7*j**3/3 + 47*j**2/2 - j - 2. What is the units digit of i(4)?
7
Suppose 5*n + 4434 = 4*t, -4*t + 2445 = 2*n - 1975. Suppose 5*y = 12*y - t. What is the tens digit of y?
5
Let q(z) be the third derivative of -z**6/120 + z**5/20 + 24*z**3 - z**2 - 9*z. What is the hundreds digit of q(0)?
1
Let g be 320*(-10)/125*5. Let h = g + 335. What is the tens digit of h?
0
Let f(z) = -69*z**3 + 2*z**2 + 8*z + 12. Let w(n) = n**3 - 24*n**2 - 54*n + 50. Let b be w(26). What is the units digit of f(b)?
6
Suppose -57*u = 18*u - 1202175. What is the tens digit of u?
2
Suppose -18*r = 125*r - 2041610 + 183754. What is the units digit of r?
2
Let i(z) = -14*z**3 - 43*z**2 + 4*z - 87. Let w(r) = -5*r**3 - 14*r**2 + r - 29. Let x(d) = 6*i(d) - 17*w(d). What is the units digit of x(21)?
9
Suppose -y = -8 - 10. Let k be 0 + (-1 + y - 2). What is the units digit of 39/k - 8/(-20)?
3
Let c = 1763 - 1538. What is the hundreds digit of c?
2
Suppose 0 = 108*t - 583126 - 799166. What is the hundreds digit of t?
7
What is the units digit of (3 + (-5 - 71808/30))/(4/(-20))?
8
Let b = 7924 - 3584. Suppose 10*c = 17*c - b. What is the hundreds digit of c?
6
What is the thousands digit of (-17*4/(-102))/((-3)/(-93267))?
0
Suppose 0 = 698*d - 691*d - 91700. What is the units digit of d?
0
Let b(h) = 726*h**3 - 2*h**2 + 12*h - 12. What is the ten thousands digit of b(3)?
1
Let l = 46646 - 7232. Suppose 41*v = l + 12861. What is the tens digit of v?
7
Let p = 9110 + 7603. What is the hundreds digit of p?
7
Let y be -6*((-155)/(-30) - 5)*-9. What is the hundreds digit of -1 - -44*(y + 8)?
7
Suppose -16*h + 21*h = 4*v - 257, 2*v - 3*h = 129. What is the tens digit of (v/9)/7 - 121*-4?
8
Suppose 31*p = 35*p. Suppose p*x + x = -x. What is the hundreds digit of (115 + x)/(0 + 1)?
1
What is the hundreds digit of (-34 - -27197) + 7 + -20?
1
Let u = -946 - -491. Let h = u + 589. What is the tens digit of h?
3
Let c(x) = -x**2 - 5*x + 9. Let u = 160 - 166. What is the units digit of c(u)?
3
Suppose -g + 7*v = 4*v + 7, 5*g = -4*v + 22. Suppose g*x = -x + 9. Suppose -2*q + x*a + 35 = 0, 3*q = -4*a + 43 + 1. What is the tens digit of q?
1
Suppose 1117*o - 950*o - 2114220 = 0. What is the tens digit of o?
6
Suppose 711 = 6*f - 27. Let h = 418 + f. What is the hundreds digit of h?
5
What is the hundreds digit of (((-76)/14)/(220/308))/(3/(-3525))?
9
Suppose g - 50 = 27. Suppose 2*d - 21 - 51 = -q, d - g = -q. What is the tens digit of (q/(-6))/(7/(-21))?
4
Let g(u) = 1072*u - 981. What is the ten thousands digit of g(13)?
1
Let h = 350 + -607. Let p = h - -687. What is the tens digit of p?
3
Let g = 89 - 37. Let x be (-32)/80 + -652*(-2)/10. Suppose 2*z - x = 4*k, -5*z - k + g = -229. What is the tens digit of z?
5
Suppose -27*m - 780474 = -41*m - 198452. What is the hundreds digit of m?
5
What is the hundreds dig